Suppose 3*y - 2*y + 3*d = 212, -432 = -2*y - 4*d. Let u = y - 92. Suppose -6*l - u = -10*l. What are the prime factors of l?
3, 11
Let j be ((-6)/(-12))/((-1)/(-2)). Let q = 4 - j. Let t = 7 - q. What are the prime factors of t?
2
Let u = -36 + 66. Let g = -26 + u. Suppose 0 = -g*f + 81 + 75. List the prime factors of f.
3, 13
Suppose -65904 = -41*n - 23305. List the prime factors of n.
1039
Let a(q) = 20*q + 0 + 0. Suppose 15 - 36 = -21*m. What are the prime factors of a(m)?
2, 5
Let q be 534 - (-6 + -2 - -4). Let w = -260 + q. Suppose c + 50 = t, 78 = -4*t - 4*c + w. What are the prime factors of t?
2, 5
Suppose 5*s = 0, 2*s = -7*b + 5*b + 42. Suppose -b*o = -7*o - 1274. List the prime factors of o.
7, 13
Let h = 17 - -46. Suppose -357 = -5*p + t, -p - 3*t - h = -2*p. What are the prime factors of p?
2, 3
Suppose 12*i - 6284 = 2620. What are the prime factors of i?
2, 7, 53
What are the prime factors of -202*(4 + 11/(-2))?
3, 101
Let o be 5/(-40)*10*-232. What are the prime factors of (2 + 154/(-35))/((-3)/o)?
2, 29
Suppose -229 = -5*b + 4*n, -4*n + 0*n - 49 = -b. Suppose -c = -i - 24 - 9, 0 = 3*i + 5*c + 75. Let r = b + i. What are the prime factors of r?
3, 5
What are the prime factors of -10 + 13 + 654/6?
2, 7
What are the prime factors of 6/24 - 36/16 - -573?
571
Suppose -2*f - 5*m + 1279 = 0, -2*f + 2*m + 1909 = f. What are the prime factors of f?
7, 13
Let r = 60 + 12. Suppose -3*b + 6*b = r. Suppose d + 3*c = b, -2*d - 5*c + 60 = -2*c. List the prime factors of d.
2, 3
Let m = 951 - -377. List the prime factors of m.
2, 83
Suppose 4 = -f + 3*l, 3*f + l = -f - 29. Suppose -5*u = 3*j - 3 - 5, j - 6 = -u. Let n = f + j. List the prime factors of n.
2
Let y(f) = 24*f - 7. Let v(n) = -72*n + 21. Let j(u) = -2*v(u) - 7*y(u). List the prime factors of j(-3).
79
Let x(r) = r**3 + 10*r**2 + r + 13. Let m be x(-10). Let u = 4 + m. Suppose 6*k = u*k - 26. List the prime factors of k.
2, 13
Suppose 4*p = -u - 64, -p - 16 = 2*u - 3*u. Let y be p/10*50/4. What are the prime factors of (-3 - 192/y)*5?
3, 11
Let j(d) = d**2 + 7*d + 12. Let z be j(-6). Let c(f) = 11*f + 13. What are the prime factors of c(z)?
79
Suppose 0 = -g, 6*g + 80 = 4*k + g. Let w = 12 - k. List the prime factors of w/(-6)*(-15)/(-10).
2
What are the prime factors of ((-4)/4)/((-3)/4902*2)?
19, 43
Let x(n) = -3*n**3 - 9*n**2 - 9*n - 21. List the prime factors of x(-8).
3, 337
Let t(j) = -j + 1. Let n(g) = -8*g - 5. Let m(a) = n(a) - 6*t(a). Let c be m(-8). Suppose 2*f = 4*f - 2*r - 54, c*f - 4*r = 132. List the prime factors of f.
2, 3
Let h(x) = -4*x**2 - 25*x - 25. Let w(u) = u**2 + 8*u + 8. Let a(f) = 2*h(f) + 7*w(f). What are the prime factors of a(4)?
2, 7
Let t be -15 + 12 + 0/(-2). What are the prime factors of (1/(-2))/((-2)/(-444)*t)?
37
Let n(p) = 4*p**2 - 3*p + 2. Let o be n(4). Let i(z) = z**2 + 6*z + 11. Let w be i(-3). Suppose s = -w*s + o. List the prime factors of s.
2, 3
Suppose 4*v - 11245 = h, 18*v = 21*v + 3*h - 8430. List the prime factors of v.
3, 937
Let s = 17 + -17. What are the prime factors of (2 - s)*17/2?
17
Suppose -a = 3*u + 2, -2*u + 7*u + 22 = 3*a. Let g(i) = 3*i**2 - 5*i + 4. Let n be g(a). Suppose n = 3*o - 34. List the prime factors of o.
2, 11
Let b = -2906 - -4849. What are the prime factors of b?
29, 67
Let g(q) = -q**2 + 4*q + 4. Let t be g(4). Suppose -x = 9 + t. Let r = x - -24. List the prime factors of r.
11
Suppose 10*y = 5*y + 20. Suppose -8*v - 52 = -y*t - 3*v, 48 = 4*t - 4*v. What are the prime factors of t - 2/(-2) - 0?
3
Let o(h) = 18*h - 3. Suppose 4*i - i = 12. List the prime factors of o(i).
3, 23
Let y(p) = 1 + 5*p**2 - 2*p**2 - 4*p**2 - 14*p. Let x = -54 + 44. List the prime factors of y(x).
41
Suppose 3*p = -11 - 7. What are the prime factors of 3489/15 + p/10?
2, 29
What are the prime factors of (-13435)/(-30) - 7/(-42)?
2, 7
Let d(m) = 43*m**2 - 23*m**2 - 21*m**2 + 7 + 7*m. Let w(o) = o**2 - o. Let y be w(3). What are the prime factors of d(y)?
13
Suppose -4*k = 3 + 17. Let a be k/(-7) - (-14)/49. List the prime factors of 1/((2/50)/a).
5
Let n(d) = -d**3 - 3*d**2 + 3*d - 1. Let i be n(-3). Let s be (-3)/(-6) - 35/i. Suppose -125 = -s*j - 41. What are the prime factors of j?
3, 7
Let p(k) = 11*k**2 + 16*k - 73. List the prime factors of p(7).
2, 17
Let n(r) be the second derivative of 7*r**5/120 - r**4/8 - 7*r**3/6 - 2*r. Let j(m) be the second derivative of n(m). What are the prime factors of j(3)?
2, 3
Suppose 2*q - 504 = -2*l, 2*q = -11*l + 7*l + 998. What are the prime factors of l?
13, 19
Suppose 3722 = 4*i + 3*v, -9*i + 10*i - 5*v = 919. List the prime factors of i.
929
Let h = 21 - 0. Suppose 26*m - 810 = h*m. What are the prime factors of m?
2, 3
Suppose k + 2*u - 344 = 0, 3*k - 853 = -u + 169. Suppose -k = -r - 4*r. List the prime factors of r.
2, 17
Suppose 565 + 2291 = 4*j. List the prime factors of j.
2, 3, 7, 17
Let v be ((-3)/2)/((-5)/(-30)). Let p(r) = -10*r - 4. Let l be p(v). Let c = -50 + l. List the prime factors of c.
2, 3
Let s(m) = -m + 2. Suppose 4*r = 4*a - 4, -4*r - a = a - 2. Let w be s(r). Suppose -w*n - 17 = -3*n. What are the prime factors of n?
17
Let j(z) = 5*z**2 - 2*z - 10. Suppose -10 = 2*h - 4*s, -4*s + 0*s = 3*h + 15. What are the prime factors of j(h)?
5
Let g(t) = 6*t + 16. Let n(c) be the third derivative of -c**4/8 - 4*c**3/3 - 5*c**2. Let v(r) = 4*g(r) + 7*n(r). What are the prime factors of v(7)?
29
Suppose 1 = -j - 0*i + 3*i, -5*j = -i - 37. What are the prime factors of j?
2
Suppose 3*c - 63 = -4*c. Suppose -18 = -3*s + c. List the prime factors of s.
3
Let y(r) = -r**3 - 4*r**2 + 2*r - 6. Let z be y(-7). Let m = z - 43. What are the prime factors of m?
2, 3, 7
Let k(r) = 4*r**3 - 5*r**2 - 9*r + 23. What are the prime factors of k(5)?
353
Suppose 22*x = -18412 + 61114. List the prime factors of x.
3, 647
Let y(x) = -2*x + 4. Let u(l) = -4*l + 8. Let a(f) = 2*u(f) - 5*y(f). What are the prime factors of a(10)?
2
Let j(b) be the first derivative of -b**4/4 + 7*b**3/3 - b**2/2 + 9*b - 22. What are the prime factors of j(5)?
2, 3
Let k be -7*10*1 + 4 + -4. Let s = 171 + k. List the prime factors of s.
101
Let c(n) = n**2 + n - 8. Let q be c(0). List the prime factors of 14/6*(20 + q).
2, 7
Suppose 3*f = 3*u - 90, 3*f + 93 = 2*u + 31. Suppose -q + 2*q = u. List the prime factors of q.
2, 7
Let m = -1796 + 3993. What are the prime factors of m?
13
Let u = 22 + 72. Suppose x - p = -0*x + u, -5*x = 2*p - 505. List the prime factors of x.
3, 11
Suppose 0 = 3*g - 3, -4*j + 0*g + 422 = 2*g. What are the prime factors of j?
3, 5, 7
Suppose -z + 2*z - 23 = 0. Suppose -2*j + 209 = z. What are the prime factors of j?
3, 31
Let c(a) = -a**2 + 34*a - 59. List the prime factors of c(18).
229
List the prime factors of 3 + -2 + 1 + 3512 + 0.
2, 7, 251
Let o(i) = -939*i - 46. List the prime factors of o(-2).
2, 229
Let f be (22 - -2) + 2 - -1. Let b(k) = 11*k - 10*k + k**2 + 2 - f*k**3 - 1. List the prime factors of b(-1).
2, 7
Suppose -5*k - 4*q - 4129 = -11808, 5*k - 7672 = 3*q. What are the prime factors of k?
5, 307
Suppose -3026 = -4*c + 5*q, -q = -5*c - 1157 + 4929. What are the prime factors of c?
2, 13, 29
Suppose 26*h = -2373 + 89733. List the prime factors of h.
2, 3, 5, 7
Suppose a + 2*n = 866 - 50, 6 = -2*n. List the prime factors of a.
2, 3, 137
Suppose 73*b + 18 = 70*b. List the prime factors of (b/9)/((-2)/99).
3, 11
Suppose 7*a = 13*a + 6. What are the prime factors of ((-11 + -1)*a)/((-3)/(-12))?
2, 3
Let k be 4/2 - (1 + -4). Suppose -4*c + 86 = -5*d, -c - 2*c = -d - 70. Let a = k + c. List the prime factors of a.
29
Suppose o = 5*l - 6, 4 = o - 0*o. Suppose -4*j - 16 = -l*p, -2*p + 14 = -p + 4*j. List the prime factors of p.
2, 5
Let i(k) = -k**2. Let b(g) = -3*g**2 + g - 9. Let a(y) = b(y) - 4*i(y). What are the prime factors of a(9)?
3
Let i = -67 - -38. Suppose -5*o = -m + 281, 2*o - 17 = m - 127. Let a = i - o. List the prime factors of a.
2, 7
Let p(f) be the third derivative of -3/2*f**3 - 1/60*f**5 - 3/8*f**4 - f**2 + 0*f + 0. List the prime factors of p(-7).
5
Suppose 3 = x - 2. Suppose 0 = 5*v + v + 96. Let u = x - v. What are the prime factors of u?
3, 7
Suppose -3*d = 4*g + 49, -3*d + 3*g - 50 = -8. Let q = d + 27. What are the prime factors of 224/q + 2/6?
19
Let f